932?
True
Is 425871719 a multiple of 1183?
True
Does 270 divide 4816981?
False
Is 8 a factor of 6031202?
False
Is 101 a factor of 30848735?
False
Is 1064607324 a multiple of 22?
True
Does 46 divide 160878486?
False
Is 10 a factor of 20007694?
False
Does 683 divide 60771787?
False
Is 503443718 a multiple of 964?
False
Is 2071139966 a multiple of 25?
False
Does 17 divide 180389736?
False
Is 46844096 a multiple of 122?
True
Does 764 divide 70657012?
True
Does 19 divide 40469924?
True
Does 145 divide 362745462?
False
Does 167 divide 674506821?
True
Is 327180756 a multiple of 28?
True
Is 14086074 a multiple of 906?
False
Is 3440 a factor of 221910960?
True
Does 20 divide 709431780?
True
Is 16 a factor of 10593152?
True
Is 3510 a factor of 41042141?
False
Is 342377474 a multiple of 1514?
True
Does 19 divide 505498518?
False
Does 99 divide 619323804?
True
Is 74484368 a multiple of 16?
True
Is 100508672 a multiple of 2816?
True
Does 61 divide 217689232?
False
Is 65647627 a multiple of 43?
True
Is 48968802 a multiple of 4?
False
Does 348 divide 289937940?
True
Is 2501 a factor of 1541554666?
False
Does 87 divide 100884243?
True
Is 124274090 a multiple of 922?
False
Is 101 a factor of 3326830583?
False
Is 30322056 a multiple of 2616?
True
Is 25940320 a multiple of 2438?
True
Is 1943914 a multiple of 14?
True
Is 5821226037 a multiple of 6987?
True
Is 67 a factor of 1243306602?
False
Does 7 divide 3158426453?
True
Is 1774049952 a multiple of 4152?
True
Is 66393267 a multiple of 29?
True
Is 1040672598 a multiple of 11194?
True
Is 62441472 a multiple of 128?
True
Is 77 a factor of 3669897?
True
Is 6759128 a multiple of 76?
False
Does 83 divide 56569367?
False
Does 1650 divide 1693335967?
False
Is 1674 a factor of 32394629?
False
Is 43 a factor of 6446586?
False
Is 33565488 a multiple of 10?
False
Is 1085988439 a multiple of 47?
True
Is 35 a factor of 1458002000?
True
Does 245 divide 40738029?
False
Does 2 divide 13272142?
True
Is 4319385192 a multiple of 190?
False
Is 6 a factor of 3960596?
False
Is 289298280 a multiple of 3790?
True
Does 2730 divide 36216180?
True
Is 2689828 a multiple of 864?
False
Is 68 a factor of 295353172?
True
Does 360 divide 45724693?
False
Is 190 a factor of 446319?
False
Is 9592 a factor of 1416616649?
False
Does 39 divide 127222840?
False
Is 4024 a factor of 7926909792?
True
Is 77 a factor of 96367425?
True
Is 446 a factor of 3943086?
True
Is 2145135 a multiple of 24?
False
Is 3208331 a multiple of 78?
False
Is 771570174 a multiple of 3103?
False
Is 1910638025 a multiple of 25?
True
Is 577980 a multiple of 684?
True
Does 8 divide 12901656?
True
Is 5265 a factor of 1360284544?
False
Does 918 divide 2610702036?
True
Is 102 a factor of 34383770?
False
Is 211 a factor of 407293934?
False
Is 1661 a factor of 2503402726?
True
Is 29749689 a multiple of 16?
False
Is 120954169 a multiple of 470?
False
Is 478 a factor of 15266315?
False
Is 546 a factor of 1161942600?
True
Is 806585224 a multiple of 2287?
False
Does 1259 divide 19113939?
False
Is 255014439 a multiple of 59?
False
Is 2 a factor of 118168966?
True
Does 4 divide 200528630?
False
Does 667 divide 13294613?
False
Does 55 divide 10653335?
True
Is 3514 a factor of 205498207?
False
Is 652 a factor of 304536698?
False
Is 39741338 a multiple of 59?
True
Is 24 a factor of 1127871421?
False
Is 8614 a factor of 174381816?
True
Is 1784753 a multiple of 30?
False
Does 3742 divide 130590971?
False
Does 77 divide 2547985825?
True
Is 7117 a factor of 3008484006?
True
Does 113 divide 219378699?
False
Does 457 divide 58150965?
True
Is 591 a factor of 114160557?
False
Is 82583398 a multiple of 1493?
False
Does 133 divide 20691272?
False
Is 915518970 a multiple of 7374?
True
Is 7 a factor of 41628465?
False
Is 7 a factor of 165004754?
False
Does 62 divide 759842798?
True
Does 32 divide 82778322?
False
Is 993483700 a multiple of 20?
True
Is 253 a factor of 426416573?
True
Does 669 divide 104476392?
True
Is 8685744 a multiple of 19?
False
Is 238727328 a multiple of 204?
True
Is 13142770 a multiple of 185?
True
Is 1353730087 a multiple of 3457?
True
Is 4 a factor of 23515047?
False
Does 7 divide 275325596?
True
Is 6787 a factor of 434196151?
False
Is 12861460 a multiple of 175?
False
Is 60 a factor of 1589913840?
True
Does 11 divide 827998646?
False
Is 454986726 a multiple of 3?
True
Is 5 a factor of 26147335?
True
Is 875 a factor of 1390611944?
False
Is 326 a factor of 25572744?
True
Is 35671490 a multiple of 1609?
False
Does 392 divide 2223181352?
True
Does 130 divide 1488595940?
True
Is 187 a factor of 466953399?
True
Does 43 divide 43961953?
True
Is 501051346 a multiple of 1983?
False
Is 2451 a factor of 94702152?
False
Is 1838622735 a multiple of 13?
False
Does 766 divide 2952797391?
False
Does 6313 divide 1904013426?
True
Does 143 divide 8499634?
True
Is 443771900 a multiple of 572?
True
Is 726084482 a multiple of 37?
False
Is 9 a factor of 46329318?
True
Is 8 a factor of 1154684886?
False
Is 82498348 a multiple of 2822?
True
Is 52 a factor of 307616513?
False
Is 110 a factor of 584006892?
False
Is 293 a factor of 111710352?
True
Does 20 divide 102499860?
True
Is 281 a factor of 801365635?
True
Is 8829546 a multiple of 22?
True
Does 336 divide 242669952?
True
Is 68 a factor of 44999748?
True
Is 163 a factor of 1066128232?
True
Is 529 a factor of 49017148?
False
Is 981 a factor of 1449588384?
True
Is 644475784 a multiple of 10?
False
Is 469488651 a multiple of 7258?
False
Is 6219960 a multiple of 20?
True
Is 1386 a factor of 34052634?
True
Does 204 divide 1102430680?
False
Does 7 divide 26536364?
False
Does 11 divide 41750929?
True
Is 1196 a factor of 500749645?
False
Is 300967941 a multiple of 664?
False
Is 1359 a factor of 330237?
True
Is 309044120 a multiple of 374?
False
Is 593 a factor of 61386795?
False
Is 4423734 a multiple of 9?
True
Does 259 divide 29799455?
False
Does 3975 divide 100940780?
False
Is 2562 a factor of 1701511417?
False
Is 18344481 a multiple of 19?
True
Does 4 divide 2497400?
True
Does 185 divide 212819224?
False
Is 17 a factor of 32914650?
False
Is 25 a factor of 28160762?
False
Does 8 divide 284107296?
True
Is 60447222 a multiple of 198?
True
Is 2094 a factor of 452119728?
True
Is 27611140 a multiple of 181?
False
Does 69 divide 2057391?
False
Is 68 a factor of 1486312536?
False
Does 541 divide 124507904?
True
Is 43204394 a multiple of 13?
False
Is 87 a factor of 21122295?
True
Is 1601 a factor of 981858078?
True
Is 19 a factor of 75396406?
False
Is 20 a factor of 3973526?
False
Is 67441552 a multiple of 10?
False
Is 75822348 a multiple of 543?
True
Is 59 a factor of 1540298309?
True
Does 50 divide 3064609?
False
Is 140 a factor of 1906281097?
False
Is 197466864 a multiple of 1239?
True
Does 3 divide 608403?
True
Is 23040048 a multiple of 148?
True
Is 22366732 a multiple of 18?
False
Is 460581889 a multiple of 1039?
False
Is 125 a factor of 1396269558?
False
Is 459251150 a multiple of 929?
True
Does 373 divide 166503843?
True
Is 13 a factor of 692848?
True
Does 7 divide 50025789?
False
Is 25056328 a multiple of 11?
True
Is 20 a factor of 1389482?
False
Does 826 divide 25569534?
False
Is 135 a factor of 184140004?
False
Does 40 divide 28417677?
False
Is 32 a factor of 133498763?
False
Is 29714560 a multiple of 32?
True
Is 195032670 a multiple of 35?
True
Is 14 a factor of 363675018?
True
Does 507 divide 171590094?
True
Is 6421002 a multiple of 1058?
True
Is 1305 a factor of 233030379?
False
Does 10 divide 192174206?
False
Does 15 divide 38201707?
False
Is 6538352 a multiple of 77?
False
Is 25679538 a multiple of 56?
False
Is 236 a factor of 1649649315?
False
Does 18 divide 211494136?
False
Is 271 a factor of 7388063788?
True
Is 157818835 a multiple of 335?
True
Is 90900257 a multiple of 201?
False
Is 19 a factor of 85848536?
True
Does 3241 divide 191249372?
False
Is 2 a factor of 941759?
False
Does 72 divide 18661320?
True
Is 3 a factor of 3160869?
True
Does 80 divide 26642960?
True
Is 3 a factor of 1994536?
False
Is 4 a factor of 151163740?
True
Is 107963665 a multiple of 4?
False
Does 12 divide 187083600?
True
Is 11294601 a multiple of 591?
True
Is 1706903784 a multiple of 45?
False
Does 14 divide 66251214?
False
Does 1012 divide 20990904?
True
Is 214 a factor o